lse
Does 26 divide 237553914?
True
Is 136958643 a multiple of 41?
False
Is 2370360 a multiple of 2?
True
Does 5982 divide 56440170?
True
Is 7 a factor of 642308646?
True
Is 3157788062 a multiple of 34?
False
Is 4143828422 a multiple of 18?
False
Is 556838718 a multiple of 2395?
False
Is 2871 a factor of 1762564932?
False
Is 1210 a factor of 3251270?
True
Is 563 a factor of 197852838?
True
Does 189 divide 22611156?
False
Is 77394996 a multiple of 12?
True
Is 9 a factor of 52255629?
True
Does 182 divide 1704662253?
False
Does 88 divide 2057949624?
False
Is 29 a factor of 35772515?
True
Does 3 divide 6772288?
False
Is 473851 a multiple of 24?
False
Is 714033075 a multiple of 2325?
True
Does 13 divide 329276851?
False
Is 29345783 a multiple of 921?
False
Does 1860 divide 56539800?
False
Is 10 a factor of 25487436?
False
Does 1181 divide 710344375?
False
Is 69591743 a multiple of 9?
False
Is 324651994 a multiple of 99?
False
Is 410166055 a multiple of 3592?
False
Is 30 a factor of 38160060?
True
Does 356 divide 71561194?
False
Is 9 a factor of 13012658?
False
Does 2053 divide 580321510?
True
Does 1191 divide 2583962634?
True
Does 34 divide 803676953?
False
Is 10008773 a multiple of 446?
False
Is 1778 a factor of 467398862?
True
Is 1107021662 a multiple of 19?
True
Is 1033338486 a multiple of 158?
True
Is 4735 a factor of 1580571410?
True
Is 33 a factor of 45022164?
True
Is 25 a factor of 3899353746?
False
Does 34 divide 1286226043?
False
Is 40 a factor of 7533121?
False
Is 293367742 a multiple of 34?
True
Does 1731 divide 202333128?
True
Is 584433180 a multiple of 36?
True
Is 3161 a factor of 41346319?
False
Is 48 a factor of 12934752?
True
Does 59 divide 15782731?
False
Is 91936697 a multiple of 222?
False
Is 5522272 a multiple of 277?
True
Is 8 a factor of 38894120?
True
Is 582 a factor of 313289436?
True
Does 112 divide 1127825915?
False
Does 129 divide 5132444?
False
Does 81 divide 2858985084?
False
Is 114579097 a multiple of 908?
False
Is 39 a factor of 233769159?
True
Is 112212604 a multiple of 3?
False
Is 33175375 a multiple of 123?
False
Is 13075356 a multiple of 49?
True
Is 3972031634 a multiple of 1199?
False
Is 515998069 a multiple of 194?
False
Is 85863989 a multiple of 12?
False
Does 580 divide 163322780?
True
Is 649414755 a multiple of 165?
True
Does 278 divide 9910978?
True
Is 6332479 a multiple of 13?
False
Is 565289973 a multiple of 19?
False
Does 1627 divide 847831327?
True
Is 2617330095 a multiple of 3501?
True
Is 202732680 a multiple of 730?
True
Is 151 a factor of 26706075?
False
Is 8 a factor of 401826547?
False
Is 49 a factor of 1753692752?
True
Is 4068 a factor of 247814424?
True
Is 12 a factor of 59626637?
False
Is 14 a factor of 44214145?
False
Is 13018 a factor of 7075185?
False
Is 618839164 a multiple of 8?
False
Does 208 divide 80650960?
True
Is 680 a factor of 118252440?
False
Is 7 a factor of 455667199?
False
Is 340 a factor of 814750661?
False
Does 15 divide 276554194?
False
Does 128 divide 27622786?
False
Is 9 a factor of 1756838772?
True
Is 61 a factor of 14737524?
False
Does 65 divide 3484365074?
False
Is 1029 a factor of 3632527839?
False
Is 34 a factor of 25441941?
False
Is 419 a factor of 57596607?
False
Is 423928728 a multiple of 36?
True
Is 190367357 a multiple of 619?
False
Does 613 divide 17806814?
False
Is 95 a factor of 168460650?
True
Does 67 divide 4972941?
True
Does 3525 divide 2246368?
False
Is 21144990 a multiple of 67?
False
Does 142 divide 921660088?
True
Is 146 a factor of 59913593?
False
Does 337 divide 31694513?
True
Is 442704016 a multiple of 1812?
False
Does 24 divide 116103816?
True
Is 17 a factor of 740821070?
True
Does 117 divide 537372782?
False
Does 946 divide 28151068?
True
Does 1905 divide 708035888?
False
Is 88335603 a multiple of 113?
True
Does 616 divide 74620473?
False
Does 60 divide 1086731896?
False
Is 928 a factor of 11881184?
True
Does 36 divide 4484052?
True
Does 2737 divide 315688716?
False
Is 1992591247 a multiple of 620?
False
Is 6 a factor of 1715988?
True
Is 35862895 a multiple of 635?
True
Is 1075 a factor of 24244475?
True
Is 306459645 a multiple of 14?
False
Does 30 divide 38480880?
True
Does 241 divide 113174039?
False
Is 1333331958 a multiple of 4399?
False
Is 75606278 a multiple of 503?
False
Is 20595848 a multiple of 182?
True
Is 3940675 a multiple of 120?
False
Is 12537344 a multiple of 752?
True
Does 90 divide 705378066?
False
Is 15 a factor of 5916458?
False
Does 46 divide 122953124?
True
Is 11 a factor of 13367893?
True
Is 80514950 a multiple of 23?
True
Is 531164244 a multiple of 2974?
False
Is 2941558029 a multiple of 997?
False
Is 43799130 a multiple of 27?
True
Is 85643820 a multiple of 45?
True
Is 565763262 a multiple of 10?
False
Is 85 a factor of 397613938?
False
Is 164 a factor of 365922964?
False
Is 16 a factor of 24164992?
True
Does 32 divide 1100507486?
False
Is 3 a factor of 114435510?
True
Is 3093 a factor of 4053701265?
True
Is 35891451 a multiple of 7?
False
Does 5322 divide 519539551?
False
Is 194120500 a multiple of 3917?
False
Is 1670 a factor of 8722410?
True
Is 7545 a factor of 194947814?
False
Is 58 a factor of 57421820?
False
Does 1328 divide 3616889730?
False
Is 8 a factor of 21093474?
False
Is 5 a factor of 315450205?
True
Is 34202888 a multiple of 1261?
False
Does 8334 divide 288523080?
True
Does 2512 divide 51865264?
True
Is 41816421 a multiple of 6?
False
Does 6 divide 1225960972?
False
Does 112 divide 350373145?
False
Is 57 a factor of 56282567?
False
Is 113852672 a multiple of 256?
True
Is 12217951 a multiple of 118?
False
Does 17 divide 60708751?
True
Does 259 divide 92331428?
True
Does 20 divide 14278340?
True
Is 699 a factor of 89419431?
False
Does 471 divide 88780382?
False
Does 22 divide 586179049?
False
Is 15394994 a multiple of 57?
False
Does 228 divide 170469835?
False
Does 565 divide 39141203?
False
Is 1094718995 a multiple of 17?
True
Is 156 a factor of 1606781592?
True
Is 834360490 a multiple of 50?
False
Does 1218 divide 533958293?
False
Is 75526819 a multiple of 121?
False
Is 806208521 a multiple of 34?
False
Is 27101886 a multiple of 826?
True
Is 51840348 a multiple of 17?
False
Is 163094274 a multiple of 42?
True
Does 5 divide 60037125?
True
Is 10 a factor of 2461290763?
False
Does 90 divide 289009031?
False
Does 55 divide 63428479?
False
Is 97747870 a multiple of 28?
False
Is 18 a factor of 18964059?
False
Is 34618848 a multiple of 96?
True
Does 51 divide 135149541?
True
Is 339691680 a multiple of 144?
True
Is 299 a factor of 1865254092?
True
Is 4 a factor of 108630636?
True
Is 56 a factor of 400986712?
True
Is 483056208 a multiple of 29?
False
Is 91697217 a multiple of 81?
False
Is 428 a factor of 23319685?
False
Does 14 divide 24000601?
False
Is 97135485 a multiple of 159?
True
Is 11322 a factor of 498745422?
True
Does 4107 divide 932172532?
False
Is 1328208 a multiple of 2?
True
Does 347 divide 635645704?
True
Is 228633944 a multiple of 1043?
True
Is 670453 a multiple of 29?
False
Is 1510382412 a multiple of 42?
True
Does 99 divide 17303418?
True
Does 18 divide 550693494?
True
Does 35 divide 196552577?
False
Is 6060 a factor of 1085097540?
True
Is 29736395 a multiple of 780?
False
Does 49 divide 15749237?
True
Is 118 a factor of 257611346?
True
Does 70 divide 99917930?
True
Is 636705015 a multiple of 1048?
False
Is 392 a factor of 22145648?
True
Is 3148 a factor of 293736732?
True
Is 32 a factor of 107631552?
True
Is 66073974 a multiple of 397?
False
Does 6441 divide 326118034?
False
Does 13 divide 408077254?
True
Is 1112 a factor of 335552086?
False
Does 196 divide 285200972?
True
Does 78 divide 796400054?
False
Is 91 a factor of 5592611?
False
Is 298761352 a multiple of 46?
True
Is 175891056 a multiple of 3152?
True
Does 886 divide 538414226?
True
Is 1753 a factor of 2947687030?
True
Is 211776506 a multiple of 25?
False
Is 122 a factor of 77914934?
True
Is 21 a factor of 276170118?
True
Does 9 divide 9213804?
True
Is 75 a factor of 1036539125?
False
Does 40 divide 1083320?
True
Is 8 a factor of 35659832?
True
Is 55903213 a multiple of 90?
False
Does 9 divide 2342791953?
True
Does 1488 divide 28360117?
False
Does 149 divide 890638411?
True
Is 8 a factor of 541151528?
True
Is 3834 a factor of 142045866?
True
I